{"id":199,"date":"2024-08-29T08:30:08","date_gmt":"2024-08-29T08:30:08","guid":{"rendered":"https:\/\/www.purebeef.cz\/?page_id=199"},"modified":"2024-08-29T15:12:44","modified_gmt":"2024-08-29T15:12:44","slug":"recipes","status":"publish","type":"page","link":"https:\/\/www.purebeef.cz\/?page_id=199","title":{"rendered":"Recepty"},"content":{"rendered":"\n<div class=\"wp-block-columns is-layout-flex wp-container-core-columns-is-layout-9d6595d7 wp-block-columns-is-layout-flex\">\n<div class=\"wp-block-column is-layout-flow wp-block-column-is-layout-flow\" style=\"flex-basis:66.66%\">\n<h2 class=\"wp-block-heading\">Nachos zape\u010den\u00e9 s&nbsp;om\u00e1\u010dkou a chedarem<\/h2>\n\n\n\n<ul class=\"wp-block-list\">\n<li><a href=\"https:\/\/www.purebeef.cz\/?product=pure-beef-bolognese\">PURE BEEF om\u00e1\u010dka Bolognese<\/a><\/li>\n\n\n\n<li>200 g balen\u00ed slan\u00fdch tortilla chips Casa Antica<\/li>\n\n\n\n<li>100 g strouhan\u00e9ho cheddaru<\/li>\n\n\n\n<li>1 jarn\u00ed cibulka, nakr\u00e1jen\u00e1 na tenk\u00e1 kole\u010dka<\/li>\n\n\n\n<li>100 g zakysan\u00e9 smetany<\/li>\n\n\n\n<li>limeta<\/li>\n<\/ul>\n\n\n\n<p>Nachos vsypte do pek\u00e1\u010dku vylo\u017een\u00e9ho pap\u00edrem na pe\u010den\u00ed, na vrch l\u017e\u00edc\u00ed naneste om\u00e1\u010dku Beef Bolognese, posypte s\u00fdrem a dejte zap\u00e9ct do trouby vyh\u0159\u00e1t\u00e9 na 200 \u00b0C na cca 15 minut, aby se om\u00e1\u010dka proh\u0159\u00e1la a s\u00fdr roztekl. Mezit\u00edm nakr\u00e1jejte zelenou \u010d\u00e1st jarn\u00ed cibulky nadrobno.&nbsp;<\/p>\n\n\n\n<p>Hotov\u00e9 nachos p\u0159esu\u0148te na serv\u00edrovac\u00ed tal\u00ed\u0159, posyte jarn\u00ed cibulkou a pod\u00e1vejte se zakysanou smetanou.<\/p>\n<\/div>\n\n\n\n<div class=\"wp-block-column is-layout-flow wp-block-column-is-layout-flow\" style=\"flex-basis:33.33%\">\n<figure class=\"wp-block-image size-full\"><img loading=\"lazy\" decoding=\"async\" width=\"582\" height=\"741\" src=\"https:\/\/www.purebeef.cz\/wp-content\/uploads\/2023\/11\/nachos.jpg\" alt=\"\" class=\"wp-image-192\" srcset=\"https:\/\/www.purebeef.cz\/wp-content\/uploads\/2023\/11\/nachos.jpg 582w, https:\/\/www.purebeef.cz\/wp-content\/uploads\/2023\/11\/nachos-236x300.jpg 236w, https:\/\/www.purebeef.cz\/wp-content\/uploads\/2023\/11\/nachos-393x500.jpg 393w\" sizes=\"auto, (max-width: 582px) 100vw, 582px\" \/><\/figure>\n<\/div>\n<\/div>\n\n\n\n<figure class=\"wp-block-gallery aligncenter has-nested-images columns-default wp-block-gallery-1 is-layout-flex wp-block-gallery-is-layout-flex\"><div class=\"wp-block-image\">\n<figure class=\"aligncenter size-large\"><img loading=\"lazy\" decoding=\"async\" width=\"480\" height=\"95\" data-id=\"204\" src=\"https:\/\/www.purebeef.cz\/wp-content\/uploads\/2024\/08\/h_line.jpg\" alt=\"\" class=\"wp-image-204\" srcset=\"https:\/\/www.purebeef.cz\/wp-content\/uploads\/2024\/08\/h_line.jpg 480w, https:\/\/www.purebeef.cz\/wp-content\/uploads\/2024\/08\/h_line-300x59.jpg 300w\" sizes=\"auto, (max-width: 480px) 100vw, 480px\" \/><\/figure>\n<\/div><\/figure>\n\n\n\n<div class=\"wp-block-columns is-layout-flex wp-container-core-columns-is-layout-9d6595d7 wp-block-columns-is-layout-flex\">\n<div class=\"wp-block-column is-layout-flow wp-block-column-is-layout-flow\" style=\"flex-basis:33.33%\">\n<figure class=\"wp-block-image size-full\"><img loading=\"lazy\" decoding=\"async\" width=\"568\" height=\"720\" src=\"https:\/\/www.purebeef.cz\/wp-content\/uploads\/2024\/08\/b_vyvar.jpg\" alt=\"\" class=\"wp-image-202\" srcset=\"https:\/\/www.purebeef.cz\/wp-content\/uploads\/2024\/08\/b_vyvar.jpg 568w, https:\/\/www.purebeef.cz\/wp-content\/uploads\/2024\/08\/b_vyvar-237x300.jpg 237w, https:\/\/www.purebeef.cz\/wp-content\/uploads\/2024\/08\/b_vyvar-394x500.jpg 394w\" sizes=\"auto, (max-width: 568px) 100vw, 568px\" \/><\/figure>\n<\/div>\n\n\n\n<div class=\"wp-block-column is-layout-flow wp-block-column-is-layout-flow\" style=\"flex-basis:66.66%\">\n<h2 class=\"wp-block-heading\">Bolo\u0148sk\u00fd v\u00fdvar s krutonky a smetanou<\/h2>\n\n\n\n<ul class=\"wp-block-list\">\n<li>2x <a href=\"https:\/\/www.purebeef.cz\/?product=pure-beef-bolognese\">PURE BEEF om\u00e1\u010dka Bolognese<\/a><\/li>\n\n\n\n<li>1x plechovka drcen\u00fdch raj\u010dat<\/li>\n\n\n\n<li>1 litr hov\u011bz\u00edho v\u00fdvaru<\/li>\n\n\n\n<li>500 g brambor, oloupan\u00fdch a pokr\u00e1jen\u00fdch na kosti\u010dky<\/li>\n\n\n\n<li>\u010derstv\u00e1 bazalka k pod\u00e1v\u00e1n\u00ed<\/li>\n\n\n\n<li>1 ciabatta<\/li>\n\n\n\n<li>olivov\u00fd olej<\/li>\n\n\n\n<li>2 strou\u017eky \u010desneku<\/li>\n\n\n\n<li>smetana ke \u0161leh\u00e1n\u00ed (min 33%)<\/li>\n<\/ul>\n\n\n\n<p>Do rendl\u00edku vlijte om\u00e1\u010dku Beef Bolognese, drcen\u00e1 raj\u010data a v\u00fdvar. P\u0159idejte brambory a va\u0159te, dokud brambory nezm\u011bknou.&nbsp;<\/p>\n\n\n\n<p>Ciabattu nakr\u00e1jejte nebo natrhejte na kousky a prom\u00edchejte se sol\u00ed, olejem a drcen\u00fdm \u010desnekem. Pe\u010dte v troub\u011b vyh\u0159\u00e1t\u00e9 na 200 \u00b0C dozlatova, \u010das od \u010dasu prom\u00edchejte. Pol\u00e9vku zjemn\u011bte smetanou a pod\u00e1vejte s krutonky a \u010derstvou bazalkou.<\/p>\n<\/div>\n<\/div>\n\n\n<div class=\"wp-block-image\">\n<figure class=\"aligncenter size-full\"><img loading=\"lazy\" decoding=\"async\" width=\"480\" height=\"95\" src=\"https:\/\/www.purebeef.cz\/wp-content\/uploads\/2024\/08\/h_line.jpg\" alt=\"\" class=\"wp-image-204\" srcset=\"https:\/\/www.purebeef.cz\/wp-content\/uploads\/2024\/08\/h_line.jpg 480w, https:\/\/www.purebeef.cz\/wp-content\/uploads\/2024\/08\/h_line-300x59.jpg 300w\" sizes=\"auto, (max-width: 480px) 100vw, 480px\" \/><\/figure>\n<\/div>\n\n\n<div class=\"wp-block-columns is-layout-flex wp-container-core-columns-is-layout-9d6595d7 wp-block-columns-is-layout-flex\">\n<div class=\"wp-block-column is-layout-flow wp-block-column-is-layout-flow\" style=\"flex-basis:66.66%\">\n<h2 class=\"wp-block-heading\">Pizza \u0161neci s parmaz\u00e1novou om\u00e1\u010dkou<\/h2>\n\n\n\n<ul class=\"wp-block-list\">\n<li>1x <a href=\"https:\/\/www.purebeef.cz\/?product=pure-beef-parmesan\">PURE BEEF PARMESAN<\/a><\/li>\n\n\n\n<li>2x balen\u00ed listov\u00e9ho t\u011bsta, rozv\u00e1len\u00e9ho, nejl\u00e9pe zna\u010dka Wewalka<\/li>\n\n\n\n<li>100 g strouhan\u00e9ho parmaz\u00e1nu<\/li>\n\n\n\n<li>100g mozzarelly<\/li>\n<\/ul>\n\n\n\n<p>T\u011bsto rozlo\u017ete na pracovn\u00ed plochu a pot\u0159ete om\u00e1\u010dkou Beef Parmesan a posypte parmaz\u00e1nem. Zarolujte a nakr\u00e1jejte na kole\u010dka siln\u00e1 asi 1,5-2 cm. Rozlo\u017ete je nale\u017eato na plech vylo\u017een\u00fd pap\u00edrem na pe\u010den\u00ed a natrhejte na n\u011b mozzarellu. Pe\u010dte 15-20 minut v troub\u011b vyh\u0159\u00e1t\u00e9 na 220 \u00b0C dozlatova.<\/p>\n<\/div>\n\n\n\n<div class=\"wp-block-column is-layout-flow wp-block-column-is-layout-flow\" style=\"flex-basis:33.33%\">\n<figure class=\"wp-block-image size-full\"><img loading=\"lazy\" decoding=\"async\" width=\"582\" height=\"742\" src=\"https:\/\/www.purebeef.cz\/wp-content\/uploads\/2024\/08\/p_sneci1.jpg\" alt=\"\" class=\"wp-image-222\" srcset=\"https:\/\/www.purebeef.cz\/wp-content\/uploads\/2024\/08\/p_sneci1.jpg 582w, https:\/\/www.purebeef.cz\/wp-content\/uploads\/2024\/08\/p_sneci1-235x300.jpg 235w, https:\/\/www.purebeef.cz\/wp-content\/uploads\/2024\/08\/p_sneci1-392x500.jpg 392w\" sizes=\"auto, (max-width: 582px) 100vw, 582px\" \/><\/figure>\n<\/div>\n<\/div>\n\n\n<div class=\"wp-block-image\">\n<figure class=\"aligncenter size-full\"><img loading=\"lazy\" decoding=\"async\" width=\"480\" height=\"95\" src=\"https:\/\/www.purebeef.cz\/wp-content\/uploads\/2024\/08\/h_line.jpg\" alt=\"\" class=\"wp-image-204\" srcset=\"https:\/\/www.purebeef.cz\/wp-content\/uploads\/2024\/08\/h_line.jpg 480w, https:\/\/www.purebeef.cz\/wp-content\/uploads\/2024\/08\/h_line-300x59.jpg 300w\" sizes=\"auto, (max-width: 480px) 100vw, 480px\" \/><\/figure>\n<\/div>\n\n\n<div class=\"wp-block-columns is-layout-flex wp-container-core-columns-is-layout-9d6595d7 wp-block-columns-is-layout-flex\">\n<div class=\"wp-block-column is-layout-flow wp-block-column-is-layout-flow\" style=\"flex-basis:33.33%\">\n<figure class=\"wp-block-image size-full\"><img loading=\"lazy\" decoding=\"async\" width=\"582\" height=\"742\" src=\"https:\/\/www.purebeef.cz\/wp-content\/uploads\/2024\/08\/lasagne.jpg\" alt=\"\" class=\"wp-image-218\" srcset=\"https:\/\/www.purebeef.cz\/wp-content\/uploads\/2024\/08\/lasagne.jpg 582w, https:\/\/www.purebeef.cz\/wp-content\/uploads\/2024\/08\/lasagne-235x300.jpg 235w, https:\/\/www.purebeef.cz\/wp-content\/uploads\/2024\/08\/lasagne-392x500.jpg 392w\" sizes=\"auto, (max-width: 582px) 100vw, 582px\" \/><\/figure>\n<\/div>\n\n\n\n<div class=\"wp-block-column is-layout-flow wp-block-column-is-layout-flow\" style=\"flex-basis:66.66%\">\n<h2 class=\"wp-block-heading\">Vege lasagne s cuketou a lilkem<\/h2>\n\n\n\n<ul class=\"wp-block-list\">\n<li>2x <a href=\"https:\/\/www.purebeef.cz\/?product=pure-green-vegan-bolognese\">VEGAN BOLOGNESE<\/a><\/li>\n\n\n\n<li>1 balen\u00ed lasagn\u00ed<\/li>\n\n\n\n<li>4 l\u017e\u00edce m\u00e1sla<\/li>\n\n\n\n<li>4 l\u017e\u00edce hladk\u00e9 mouky<\/li>\n\n\n\n<li>1 l plnotu\u010dn\u00e9ho ml\u00e9ka<\/li>\n\n\n\n<li>250 ml smetany min 33%<\/li>\n\n\n\n<li>\u0161petka mu\u0161k\u00e1tov\u00e9ho o\u0159\u00ed\u0161ku<\/li>\n\n\n\n<li>2 plechovky drcen\u00fdch raj\u010dat<\/li>\n\n\n\n<li>2 cukety<\/li>\n\n\n\n<li>2 lilky<\/li>\n\n\n\n<li>100 g parmaz\u00e1nu<\/li>\n\n\n\n<li>200 g mozzarelly<\/li>\n\n\n\n<li>\u010derstv\u00e1 bazalka k pod\u00e1v\u00e1n\u00ed<\/li>\n<\/ul>\n\n\n\n<p>Cuketu a lilek nakr\u00e1jejte na pl\u00e1tky, pot\u0159ete olejem a ope\u010dte na grilovac\u00ed p\u00e1nvi. M\u00e1slo nechte rozpustit v rendl\u00edku, zapra\u0161te moukou a um\u00edchejte j\u00ed\u0161ku, za st\u00e1l\u00e9ho m\u00edch\u00e1n\u00ed p\u0159il\u00e9vejte ml\u00e9ko a smetanu, p\u0159idejte mu\u0161k\u00e1tov\u00fd o\u0159\u00ed\u0161ek a va\u0159te cca 10 &#8211; 15 minut, aby se mouka prova\u0159ila.\u00a0<\/p>\n\n\n\n<p>Om\u00e1\u010dku Vegan Bolognese vlijte do rendl\u00edku, p\u0159ilijte raj\u010data a prom\u00edchejte.&nbsp;<\/p>\n\n\n\n<p>Na dno pek\u00e1\u010dku dejte \u010d\u00e1st raj\u010datov\u00e9 sm\u011bsi, na ni dejte pl\u00e1tky lasagn\u00ed, pokra\u010dujte op\u011bt sm\u011bs\u00ed raj\u010dat, na ni dejte pl\u00e1tky grilovan\u00e9 zeleniny, be\u0161amel a posypte parmaz\u00e1nem. Pokra\u010dujte op\u011bt pl\u00e1tky lasagn\u00ed, raj\u010datovou sm\u011bs\u00ed, zeleninou, be\u0161amelem a parmaz\u00e1nem do spot\u0159ebov\u00e1n\u00ed. Posledn\u00ed vrstva by m\u011bla b\u00fdt be\u0161amel s mozzarellou a parmaz\u00e1nem. Dejte do trouby vyh\u0159\u00e1t\u00e9 na 200 \u00b0C a pe\u010dte cca 45 minut. Pot\u00e9 posypte natrhanou mozzarelou a pe\u010dte je\u0161t\u011b 10-15 minut dozlatova.<\/p>\n<\/div>\n<\/div>\n\n\n<div class=\"wp-block-image\">\n<figure class=\"aligncenter size-full\"><img loading=\"lazy\" decoding=\"async\" width=\"480\" height=\"95\" src=\"https:\/\/www.purebeef.cz\/wp-content\/uploads\/2024\/08\/h_line.jpg\" alt=\"\" class=\"wp-image-204\" srcset=\"https:\/\/www.purebeef.cz\/wp-content\/uploads\/2024\/08\/h_line.jpg 480w, https:\/\/www.purebeef.cz\/wp-content\/uploads\/2024\/08\/h_line-300x59.jpg 300w\" sizes=\"auto, (max-width: 480px) 100vw, 480px\" \/><\/figure>\n<\/div>\n\n\n<div class=\"wp-block-columns is-layout-flex wp-container-core-columns-is-layout-9d6595d7 wp-block-columns-is-layout-flex\">\n<div class=\"wp-block-column is-layout-flow wp-block-column-is-layout-flow\" style=\"flex-basis:66.66%\">\n<h2 class=\"wp-block-heading\">Rozpe\u010den\u00e1 brambora s Hot Chili a \u010dedarem<\/h2>\n\n\n\n<ul class=\"wp-block-list\">\n<li><a href=\"https:\/\/www.purebeef.cz\/?product=pure-beef-arrabbiata\">PURE BEEF HOT CHILI &amp; JALAPE\u00d1O<\/a><\/li>\n\n\n\n<li>v\u011bt\u0161\u00ed brambory na pe\u010den\u00ed, podobn\u00e9 velikosti<\/li>\n\n\n\n<li>2 l\u017e\u00edce m\u00e1sla<\/li>\n\n\n\n<li>200 g strouhan\u00e9ho \u010dedaru<\/li>\n\n\n\n<li>100 g raj\u010dat<\/li>\n\n\n\n<li>1 \u0161alotka, nakr\u00e1jen\u00e1 nadrobno<\/li>\n\n\n\n<li>hrst hladkolist\u00e9 petr\u017eelky, pokr\u00e1jen\u00e9 nahrubo<\/li>\n\n\n\n<li>1 \u010derven\u00e1 \u010dili papri\u010dka<\/li>\n\n\n\n<li>s\u016fl<\/li>\n<\/ul>\n\n\n\n<p>Brambory lehce pot\u0159ete olejem. Ka\u017edou 6\u00d7 prop\u00edchn\u011bte vidli\u010dkou a polo\u017ete na m\u0159\u00ed\u017eku nebo do pek\u00e1\u010dku. Vlo\u017ete do trouby p\u0159edeh\u0159\u00e1t\u00e9 na 200 \u00b0C. Pe\u010dte asi hodinu dom\u011bkka \u2013 st\u0159edem by m\u011bla hladce projet \u0161pejle.<\/p>\n\n\n\n<p>Ne\u017e se brambory upe\u010dou, dejte do rendl\u00edku om\u00e1\u010dku Hot Chili &amp; Jalape\u00f1o a oh\u0159ejte ji. Raj\u010data nakr\u00e1jejte na \u010dtvrtinky a prom\u00edchejte s \u0161alotkou a petr\u017eelkou. \u010cili papri\u010dku nakr\u00e1jejte na kole\u010dka.<\/p>\n\n\n\n<p>Na tal\u00ed\u0159i zakryjte alobalem a nechte 10 minut st\u00e1t. Pak ka\u017edou bramboru k\u0159\u00ed\u017eem na\u0159\u00edzn\u011bte a pomoc\u00ed ut\u011brky zm\u00e1\u010dkn\u011bte, aby se otev\u0159ela. Do ka\u017ed\u00e9 brambory dejte 1\/2 l\u017e\u00edce m\u00e1sla, cheddar, oh\u0159\u00e1tou om\u00e1\u010dku, sm\u011bs raj\u010dat a petr\u017eelky a ozdobte \u010dili papri\u010dkou.<\/p>\n<\/div>\n\n\n\n<div class=\"wp-block-column is-layout-flow wp-block-column-is-layout-flow\" style=\"flex-basis:33.33%\">\n<figure class=\"wp-block-image size-full\"><img loading=\"lazy\" decoding=\"async\" width=\"582\" height=\"742\" src=\"https:\/\/www.purebeef.cz\/wp-content\/uploads\/2024\/08\/h_brambora.jpg\" alt=\"\" class=\"wp-image-225\" srcset=\"https:\/\/www.purebeef.cz\/wp-content\/uploads\/2024\/08\/h_brambora.jpg 582w, https:\/\/www.purebeef.cz\/wp-content\/uploads\/2024\/08\/h_brambora-235x300.jpg 235w, https:\/\/www.purebeef.cz\/wp-content\/uploads\/2024\/08\/h_brambora-392x500.jpg 392w\" sizes=\"auto, (max-width: 582px) 100vw, 582px\" \/><\/figure>\n<\/div>\n<\/div>\n","protected":false},"excerpt":{"rendered":"<p>Nachos zape\u010den\u00e9 s&nbsp;om\u00e1\u010dkou a chedarem Nachos vsypte do pek\u00e1\u010dku vylo\u017een\u00e9ho pap\u00edrem na pe\u010den\u00ed, na vrch l\u017e\u00edc\u00ed naneste om\u00e1\u010dku Beef Bolognese, posypte s\u00fdrem a dejte zap\u00e9ct do trouby vyh\u0159\u00e1t\u00e9 na 200 \u00b0C na cca 15 minut, aby se om\u00e1\u010dka proh\u0159\u00e1la a s\u00fdr roztekl. Mezit\u00edm nakr\u00e1jejte zelenou \u010d\u00e1st jarn\u00ed cibulky nadrobno.&nbsp; Hotov\u00e9 nachos p\u0159esu\u0148te na serv\u00edrovac\u00ed tal\u00ed\u0159, [&hellip;]<\/p>\n","protected":false},"author":2,"featured_media":0,"parent":0,"menu_order":0,"comment_status":"closed","ping_status":"closed","template":"","meta":{"ngg_post_thumbnail":0,"footnotes":""},"class_list":["post-199","page","type-page","status-publish","hentry"],"_links":{"self":[{"href":"https:\/\/www.purebeef.cz\/index.php?rest_route=\/wp\/v2\/pages\/199","targetHints":{"allow":["GET"]}}],"collection":[{"href":"https:\/\/www.purebeef.cz\/index.php?rest_route=\/wp\/v2\/pages"}],"about":[{"href":"https:\/\/www.purebeef.cz\/index.php?rest_route=\/wp\/v2\/types\/page"}],"author":[{"embeddable":true,"href":"https:\/\/www.purebeef.cz\/index.php?rest_route=\/wp\/v2\/users\/2"}],"replies":[{"embeddable":true,"href":"https:\/\/www.purebeef.cz\/index.php?rest_route=%2Fwp%2Fv2%2Fcomments&post=199"}],"version-history":[{"count":19,"href":"https:\/\/www.purebeef.cz\/index.php?rest_route=\/wp\/v2\/pages\/199\/revisions"}],"predecessor-version":[{"id":233,"href":"https:\/\/www.purebeef.cz\/index.php?rest_route=\/wp\/v2\/pages\/199\/revisions\/233"}],"wp:attachment":[{"href":"https:\/\/www.purebeef.cz\/index.php?rest_route=%2Fwp%2Fv2%2Fmedia&parent=199"}],"curies":[{"name":"wp","href":"https:\/\/api.w.org\/{rel}","templated":true}]}}